{"id":305,"date":"2022-11-03T12:24:08","date_gmt":"2022-11-03T12:24:08","guid":{"rendered":"https:\/\/www.pmdgranada.es\/NOCTURNA\/?page_id=305"},"modified":"2023-07-07T07:47:06","modified_gmt":"2023-07-07T07:47:06","slug":"pago-compensacion-de-saldo","status":"publish","type":"page","link":"https:\/\/www.pmdgranada.es\/NOCTURNA\/pago-compensacion-de-saldo\/","title":{"rendered":"Pago compensaci\u00f3n de saldo."},"content":{"rendered":"\n<div class=\"wp-block-columns is-layout-flex wp-container-core-columns-is-layout-28f84493 wp-block-columns-is-layout-flex\">\n<div class=\"wp-block-column is-layout-flow wp-block-column-is-layout-flow\">\n\t\t<div class=\"coblocks-form\" id=\"248135226efb6d22cdea2e20437ad2763e29be8b\">\n\n\t\t\t\n\t\t\t<form action=\"https:\/\/www.pmdgranada.es\/NOCTURNA\/pago-compensacion-de-saldo\/#248135226efb6d22cdea2e20437ad2763e29be8b\" method=\"post\">\n\t\t\t\t\n<div class=\"wp-block-coblocks-form\"><label class=\"coblocks-label has-text-color has-ast-global-color-5-color\">Nombre  y Apellidos <span class=\"required\">&#042;<\/span><\/label>\n\t\t<input type=\"hidden\" name=\"field-nombre-y-apellidos[label]\" value=\"Nombre  y Apellidos\">\n\n\t\t\t\t<input type=\"hidden\" id=\"name-field-id\" name=\"name-field-id\" class=\"coblocks-name-field-id\" value=\"field-nombre-y-apellidos\" \/>\n\t\t\n\t\t<input type=\"text\" id=\"nombre-y-apellidos\" name=\"field-nombre-y-apellidos[value]\" class=\"coblocks-field coblocks-field--name\" required \/>\n\n\t\t\n\n<label class=\"coblocks-label has-text-color has-ast-global-color-5-color\">DNI (para los menores de 14 a\u00f1os poner el DNI del representante) <span class=\"required\">&#042;<\/span><\/label>\n\t\t<input type=\"hidden\" name=\"field-dni-para-los-menores-de-14-anos-poner-el-dni-del-representante[label]\" value=\"DNI (para los menores de 14 a\u00f1os poner el DNI del representante)\">\n\n\t\t\n\t\t<input type=\"text\" name=\"field-dni-para-los-menores-de-14-anos-poner-el-dni-del-representante[value]\" id=\"dni-para-los-menores-de-14-anos-poner-el-dni-del-representante\" class=\"coblocks-field coblocks-text\" required>\n\n\t\t\n\n<label class=\"coblocks-label has-text-color has-ast-global-color-5-color\">C\u00f3digo de usuario o usuaria <span class=\"required\">&#042;<\/span><\/label>\n\t\t<input type=\"hidden\" name=\"field-codigo-de-usuario-o-usuaria-2[label]\" value=\"C\u00f3digo de usuario o usuaria\">\n\n\t\t\n\t\t<input type=\"text\" name=\"field-codigo-de-usuario-o-usuaria-2[value]\" id=\"codigo-de-usuario-o-usuaria-2\" class=\"coblocks-field coblocks-text\" required>\n\n\t\t\n\n<label class=\"coblocks-label has-text-color has-ast-global-color-5-color\">Correo electr\u00f3nico <span class=\"required\">&#042;<\/span><\/label>\n\t\t<input type=\"hidden\" name=\"field-correo-electronico[label]\" value=\"Correo electr\u00f3nico\">\n\n\t\t\n\t\t<input type=\"hidden\" id=\"email-field-id\" name=\"email-field-id\" class=\"coblocks-email-field-id\" value=\"field-correo-electronico\" \/>\n\t\t<input type=\"email\" id=\"correo-electronico\" aria-label=\"Correo electr\u00f3nico\" name=\"field-correo-electronico[value]\" class=\"coblocks-field coblocks-field--email\" required \/>\n\n\t\t\n\n<label class=\"coblocks-label has-text-color has-ast-global-color-5-color\">Mensaje <span class=\"required\">&#042;<\/span><\/label>\n\t\t<input type=\"hidden\" name=\"field-mensaje[label]\" value=\"Mensaje\">\n\n\t\t\n\t\t<textarea name=\"field-mensaje[value]\" aria-label=\"Mensaje\" id=\"mensaje\" class=\"coblocks-field coblocks-textarea\" rows=\"20\" required><\/textarea>\n\n\t\t\n\n\n\t\t<div class=\"coblocks-form__submit wp-block-button\">\n\t\t\t<button type=\"submit\" class=\"wp-block-button__link is-style-fill\" style=\"\">Enviar<\/button>\n\t\t\t<input type=\"hidden\" id=\"form-submit\" name=\"form-submit\" value=\"96264543f6\" \/><input type=\"hidden\" name=\"_wp_http_referer\" value=\"\/NOCTURNA\/wp-json\/wp\/v2\/pages\/305\" \/>\t\t\t<input type=\"hidden\" name=\"action\" value=\"coblocks-form-submit\">\n\n\t\t\t\t\t\t\t<input type=\"hidden\" class=\"g-recaptcha-token\" name=\"g-recaptcha-token\" \/>\n\t\t\t\t\t<\/div>\n\n\t\t<\/div>\n\t\t\t\t<input class=\"coblocks-field verify\" aria-label=\"Introduce tu direcci\u00f3n de correo electr\u00f3nico para verificarla\" type=\"email\" name=\"coblocks-verify-email\" autocomplete=\"off\" placeholder=\"Correo electr\u00f3nico\" tabindex=\"-1\">\n\t\t\t\t<input type=\"hidden\" name=\"form-hash\" value=\"248135226efb6d22cdea2e20437ad2763e29be8b\">\n\n\t\t\t\t\t\t\t<\/form>\n\n\t\t<\/div>\n\n\t\t<\/div>\n\n\n\n<div class=\"wp-block-column is-layout-flow wp-block-column-is-layout-flow\">\n<p>Rellena el formulario con todos los datos de tu inscripci\u00f3n, es importante que en el mensaje se indique el usuario o usuaria que tiene el saldo si no es el mismo del que se ha hecho la inscripci\u00f3n.<\/p>\n\n\n\n<p>En cuanto recibamos su email, comprobaremos los datos, haremos la compensaci\u00f3n y le remitiremos el justificante de inscripci\u00f3n en caso de que se haya quedado pagada por completo, de lo contrario le responderemos a ese mismo email indic\u00e1ndole sobre la situaci\u00f3n de su inscripci\u00f3n.<\/p>\n\n\n\n<div style=\"height:25px\" aria-hidden=\"true\" class=\"wp-block-spacer\"><\/div>\n\n\n\n<figure class=\"wp-block-image aligncenter size-full is-resized\"><img loading=\"lazy\" decoding=\"async\" src=\"https:\/\/www.pmdgranada.es\/NOCTURNA\/wp-content\/uploads\/2022\/10\/inscripcion.png\" alt=\"\" class=\"wp-image-199\" width=\"256\" height=\"256\"\/><\/figure>\n<\/div>\n<\/div>\n","protected":false},"excerpt":{"rendered":"<p>Rellena el formulario con todos los datos de tu inscripci\u00f3n, es importante que en el mensaje se indique el usuario o usuaria que tiene el saldo si no es el mismo del que se ha hecho la inscripci\u00f3n. En cuanto recibamos su email, comprobaremos los datos, haremos la compensaci\u00f3n y le remitiremos el justificante de [&hellip;]<\/p>\n","protected":false},"author":1,"featured_media":0,"parent":0,"menu_order":401,"comment_status":"closed","ping_status":"closed","template":"","meta":{"_coblocks_attr":"","_coblocks_dimensions":"","_coblocks_responsive_height":"","_coblocks_accordion_ie_support":"","inline_featured_image":false,"_uag_custom_page_level_css":"","site-sidebar-layout":"default","site-content-layout":"","ast-site-content-layout":"default","site-content-style":"default","site-sidebar-style":"default","ast-global-header-display":"","ast-banner-title-visibility":"","ast-main-header-display":"","ast-hfb-above-header-display":"","ast-hfb-below-header-display":"","ast-hfb-mobile-header-display":"","site-post-title":"","ast-breadcrumbs-content":"","ast-featured-img":"","footer-sml-layout":"","ast-disable-related-posts":"","theme-transparent-header-meta":"","adv-header-id-meta":"","stick-header-meta":"","header-above-stick-meta":"","header-main-stick-meta":"","header-below-stick-meta":"","astra-migrate-meta-layouts":"default","ast-page-background-enabled":"default","ast-page-background-meta":{"desktop":{"background-color":"var(--ast-global-color-4)","background-image":"","background-repeat":"repeat","background-position":"center center","background-size":"auto","background-attachment":"scroll","background-type":"","background-media":"","overlay-type":"","overlay-color":"","overlay-opacity":"","overlay-gradient":""},"tablet":{"background-color":"","background-image":"","background-repeat":"repeat","background-position":"center center","background-size":"auto","background-attachment":"scroll","background-type":"","background-media":"","overlay-type":"","overlay-color":"","overlay-opacity":"","overlay-gradient":""},"mobile":{"background-color":"","background-image":"","background-repeat":"repeat","background-position":"center center","background-size":"auto","background-attachment":"scroll","background-type":"","background-media":"","overlay-type":"","overlay-color":"","overlay-opacity":"","overlay-gradient":""}},"ast-content-background-meta":{"desktop":{"background-color":"var(--ast-global-color-5)","background-image":"","background-repeat":"repeat","background-position":"center center","background-size":"auto","background-attachment":"scroll","background-type":"","background-media":"","overlay-type":"","overlay-color":"","overlay-opacity":"","overlay-gradient":""},"tablet":{"background-color":"var(--ast-global-color-5)","background-image":"","background-repeat":"repeat","background-position":"center center","background-size":"auto","background-attachment":"scroll","background-type":"","background-media":"","overlay-type":"","overlay-color":"","overlay-opacity":"","overlay-gradient":""},"mobile":{"background-color":"var(--ast-global-color-5)","background-image":"","background-repeat":"repeat","background-position":"center center","background-size":"auto","background-attachment":"scroll","background-type":"","background-media":"","overlay-type":"","overlay-color":"","overlay-opacity":"","overlay-gradient":""}},"footnotes":""},"class_list":["post-305","page","type-page","status-publish","hentry"],"yoast_head":"<!-- This site is optimized with the Yoast SEO plugin v27.3 - https:\/\/yoast.com\/product\/yoast-seo-wordpress\/ -->\n<title>Pago compensaci\u00f3n de saldo. - Carrera Nocturna y de Disfraces Granada<\/title>\n<meta name=\"robots\" content=\"index, follow, max-snippet:-1, max-image-preview:large, max-video-preview:-1\" \/>\n<link rel=\"canonical\" href=\"https:\/\/www.pmdgranada.es\/NOCTURNA\/pago-compensacion-de-saldo\/\" \/>\n<meta property=\"og:locale\" content=\"es_ES\" \/>\n<meta property=\"og:type\" content=\"article\" \/>\n<meta property=\"og:title\" content=\"Pago compensaci\u00f3n de saldo. - Carrera Nocturna y de Disfraces Granada\" \/>\n<meta property=\"og:description\" content=\"Rellena el formulario con todos los datos de tu inscripci\u00f3n, es importante que en el mensaje se indique el usuario o usuaria que tiene el saldo si no es el mismo del que se ha hecho la inscripci\u00f3n. En cuanto recibamos su email, comprobaremos los datos, haremos la compensaci\u00f3n y le remitiremos el justificante de [&hellip;]\" \/>\n<meta property=\"og:url\" content=\"https:\/\/www.pmdgranada.es\/NOCTURNA\/pago-compensacion-de-saldo\/\" \/>\n<meta property=\"og:site_name\" content=\"Carrera Nocturna y de Disfraces Granada\" \/>\n<meta property=\"article:modified_time\" content=\"2023-07-07T07:47:06+00:00\" \/>\n<meta property=\"og:image\" content=\"https:\/\/www.pmdgranada.es\/NOCTURNA\/wp-content\/uploads\/2022\/10\/inscripcion-e1667558258673.png\" \/>\n\t<meta property=\"og:image:width\" content=\"300\" \/>\n\t<meta property=\"og:image:height\" content=\"300\" \/>\n\t<meta property=\"og:image:type\" content=\"image\/png\" \/>\n<meta name=\"twitter:card\" content=\"summary_large_image\" \/>\n<script type=\"application\/ld+json\" class=\"yoast-schema-graph\">{\"@context\":\"https:\\\/\\\/schema.org\",\"@graph\":[{\"@type\":\"WebPage\",\"@id\":\"https:\\\/\\\/www.pmdgranada.es\\\/NOCTURNA\\\/pago-compensacion-de-saldo\\\/\",\"url\":\"https:\\\/\\\/www.pmdgranada.es\\\/NOCTURNA\\\/pago-compensacion-de-saldo\\\/\",\"name\":\"Pago compensaci\u00f3n de saldo. - Carrera Nocturna y de Disfraces Granada\",\"isPartOf\":{\"@id\":\"https:\\\/\\\/www.pmdgranada.es\\\/NOCTURNA\\\/#website\"},\"primaryImageOfPage\":{\"@id\":\"https:\\\/\\\/www.pmdgranada.es\\\/NOCTURNA\\\/pago-compensacion-de-saldo\\\/#primaryimage\"},\"image\":{\"@id\":\"https:\\\/\\\/www.pmdgranada.es\\\/NOCTURNA\\\/pago-compensacion-de-saldo\\\/#primaryimage\"},\"thumbnailUrl\":\"https:\\\/\\\/www.pmdgranada.es\\\/NOCTURNA\\\/wp-content\\\/uploads\\\/2022\\\/10\\\/inscripcion.png\",\"datePublished\":\"2022-11-03T12:24:08+00:00\",\"dateModified\":\"2023-07-07T07:47:06+00:00\",\"breadcrumb\":{\"@id\":\"https:\\\/\\\/www.pmdgranada.es\\\/NOCTURNA\\\/pago-compensacion-de-saldo\\\/#breadcrumb\"},\"inLanguage\":\"es\",\"potentialAction\":[{\"@type\":\"ReadAction\",\"target\":[\"https:\\\/\\\/www.pmdgranada.es\\\/NOCTURNA\\\/pago-compensacion-de-saldo\\\/\"]}]},{\"@type\":\"ImageObject\",\"inLanguage\":\"es\",\"@id\":\"https:\\\/\\\/www.pmdgranada.es\\\/NOCTURNA\\\/pago-compensacion-de-saldo\\\/#primaryimage\",\"url\":\"https:\\\/\\\/www.pmdgranada.es\\\/NOCTURNA\\\/wp-content\\\/uploads\\\/2022\\\/10\\\/inscripcion-e1667558258673.png\",\"contentUrl\":\"https:\\\/\\\/www.pmdgranada.es\\\/NOCTURNA\\\/wp-content\\\/uploads\\\/2022\\\/10\\\/inscripcion-e1667558258673.png\",\"width\":300,\"height\":300,\"caption\":\"Hoja de inscripci\u00f3n\"},{\"@type\":\"BreadcrumbList\",\"@id\":\"https:\\\/\\\/www.pmdgranada.es\\\/NOCTURNA\\\/pago-compensacion-de-saldo\\\/#breadcrumb\",\"itemListElement\":[{\"@type\":\"ListItem\",\"position\":1,\"name\":\"Portada\",\"item\":\"https:\\\/\\\/www.pmdgranada.es\\\/NOCTURNA\\\/\"},{\"@type\":\"ListItem\",\"position\":2,\"name\":\"Pago compensaci\u00f3n de saldo.\"}]},{\"@type\":\"WebSite\",\"@id\":\"https:\\\/\\\/www.pmdgranada.es\\\/NOCTURNA\\\/#website\",\"url\":\"https:\\\/\\\/www.pmdgranada.es\\\/NOCTURNA\\\/\",\"name\":\"Carrera Nocturna y de Disfraces Granada\",\"description\":\"Carrera Nocturna de disfraces Granada\",\"potentialAction\":[{\"@type\":\"SearchAction\",\"target\":{\"@type\":\"EntryPoint\",\"urlTemplate\":\"https:\\\/\\\/www.pmdgranada.es\\\/NOCTURNA\\\/?s={search_term_string}\"},\"query-input\":{\"@type\":\"PropertyValueSpecification\",\"valueRequired\":true,\"valueName\":\"search_term_string\"}}],\"inLanguage\":\"es\"}]}<\/script>\n<!-- \/ Yoast SEO plugin. -->","yoast_head_json":{"title":"Pago compensaci\u00f3n de saldo. - Carrera Nocturna y de Disfraces Granada","robots":{"index":"index","follow":"follow","max-snippet":"max-snippet:-1","max-image-preview":"max-image-preview:large","max-video-preview":"max-video-preview:-1"},"canonical":"https:\/\/www.pmdgranada.es\/NOCTURNA\/pago-compensacion-de-saldo\/","og_locale":"es_ES","og_type":"article","og_title":"Pago compensaci\u00f3n de saldo. - Carrera Nocturna y de Disfraces Granada","og_description":"Rellena el formulario con todos los datos de tu inscripci\u00f3n, es importante que en el mensaje se indique el usuario o usuaria que tiene el saldo si no es el mismo del que se ha hecho la inscripci\u00f3n. En cuanto recibamos su email, comprobaremos los datos, haremos la compensaci\u00f3n y le remitiremos el justificante de [&hellip;]","og_url":"https:\/\/www.pmdgranada.es\/NOCTURNA\/pago-compensacion-de-saldo\/","og_site_name":"Carrera Nocturna y de Disfraces Granada","article_modified_time":"2023-07-07T07:47:06+00:00","og_image":[{"width":300,"height":300,"url":"https:\/\/www.pmdgranada.es\/NOCTURNA\/wp-content\/uploads\/2022\/10\/inscripcion-e1667558258673.png","type":"image\/png"}],"twitter_card":"summary_large_image","schema":{"@context":"https:\/\/schema.org","@graph":[{"@type":"WebPage","@id":"https:\/\/www.pmdgranada.es\/NOCTURNA\/pago-compensacion-de-saldo\/","url":"https:\/\/www.pmdgranada.es\/NOCTURNA\/pago-compensacion-de-saldo\/","name":"Pago compensaci\u00f3n de saldo. - Carrera Nocturna y de Disfraces Granada","isPartOf":{"@id":"https:\/\/www.pmdgranada.es\/NOCTURNA\/#website"},"primaryImageOfPage":{"@id":"https:\/\/www.pmdgranada.es\/NOCTURNA\/pago-compensacion-de-saldo\/#primaryimage"},"image":{"@id":"https:\/\/www.pmdgranada.es\/NOCTURNA\/pago-compensacion-de-saldo\/#primaryimage"},"thumbnailUrl":"https:\/\/www.pmdgranada.es\/NOCTURNA\/wp-content\/uploads\/2022\/10\/inscripcion.png","datePublished":"2022-11-03T12:24:08+00:00","dateModified":"2023-07-07T07:47:06+00:00","breadcrumb":{"@id":"https:\/\/www.pmdgranada.es\/NOCTURNA\/pago-compensacion-de-saldo\/#breadcrumb"},"inLanguage":"es","potentialAction":[{"@type":"ReadAction","target":["https:\/\/www.pmdgranada.es\/NOCTURNA\/pago-compensacion-de-saldo\/"]}]},{"@type":"ImageObject","inLanguage":"es","@id":"https:\/\/www.pmdgranada.es\/NOCTURNA\/pago-compensacion-de-saldo\/#primaryimage","url":"https:\/\/www.pmdgranada.es\/NOCTURNA\/wp-content\/uploads\/2022\/10\/inscripcion-e1667558258673.png","contentUrl":"https:\/\/www.pmdgranada.es\/NOCTURNA\/wp-content\/uploads\/2022\/10\/inscripcion-e1667558258673.png","width":300,"height":300,"caption":"Hoja de inscripci\u00f3n"},{"@type":"BreadcrumbList","@id":"https:\/\/www.pmdgranada.es\/NOCTURNA\/pago-compensacion-de-saldo\/#breadcrumb","itemListElement":[{"@type":"ListItem","position":1,"name":"Portada","item":"https:\/\/www.pmdgranada.es\/NOCTURNA\/"},{"@type":"ListItem","position":2,"name":"Pago compensaci\u00f3n de saldo."}]},{"@type":"WebSite","@id":"https:\/\/www.pmdgranada.es\/NOCTURNA\/#website","url":"https:\/\/www.pmdgranada.es\/NOCTURNA\/","name":"Carrera Nocturna y de Disfraces Granada","description":"Carrera Nocturna de disfraces Granada","potentialAction":[{"@type":"SearchAction","target":{"@type":"EntryPoint","urlTemplate":"https:\/\/www.pmdgranada.es\/NOCTURNA\/?s={search_term_string}"},"query-input":{"@type":"PropertyValueSpecification","valueRequired":true,"valueName":"search_term_string"}}],"inLanguage":"es"}]}},"uagb_featured_image_src":{"full":false,"thumbnail":false,"medium":false,"medium_large":false,"large":false,"1536x1536":false,"2048x2048":false},"uagb_author_info":{"display_name":"Admin","author_link":"https:\/\/www.pmdgranada.es\/NOCTURNA\/author\/ro\/"},"uagb_comment_info":0,"uagb_excerpt":"Rellena el formulario con todos los datos de tu inscripci\u00f3n, es importante que en el mensaje se indique el usuario o usuaria que tiene el saldo si no es el mismo del que se ha hecho la inscripci\u00f3n. En cuanto recibamos su email, comprobaremos los datos, haremos la compensaci\u00f3n y le remitiremos el justificante de&hellip;","_links":{"self":[{"href":"https:\/\/www.pmdgranada.es\/NOCTURNA\/wp-json\/wp\/v2\/pages\/305","targetHints":{"allow":["GET"]}}],"collection":[{"href":"https:\/\/www.pmdgranada.es\/NOCTURNA\/wp-json\/wp\/v2\/pages"}],"about":[{"href":"https:\/\/www.pmdgranada.es\/NOCTURNA\/wp-json\/wp\/v2\/types\/page"}],"author":[{"embeddable":true,"href":"https:\/\/www.pmdgranada.es\/NOCTURNA\/wp-json\/wp\/v2\/users\/1"}],"replies":[{"embeddable":true,"href":"https:\/\/www.pmdgranada.es\/NOCTURNA\/wp-json\/wp\/v2\/comments?post=305"}],"version-history":[{"count":23,"href":"https:\/\/www.pmdgranada.es\/NOCTURNA\/wp-json\/wp\/v2\/pages\/305\/revisions"}],"predecessor-version":[{"id":1070,"href":"https:\/\/www.pmdgranada.es\/NOCTURNA\/wp-json\/wp\/v2\/pages\/305\/revisions\/1070"}],"wp:attachment":[{"href":"https:\/\/www.pmdgranada.es\/NOCTURNA\/wp-json\/wp\/v2\/media?parent=305"}],"curies":[{"name":"wp","href":"https:\/\/api.w.org\/{rel}","templated":true}]}}